s divided by t?
5
What is the remainder when 28 is divided by (2/((-30)/(-33)))/((-10)/(-50))?
6
Suppose -4*f + 43 = 3. Let n(u) = -u**3 - 16*u**2 - u + 21. Calculate the remainder when n(-16) is divided by f.
7
Suppose -4*r + r + 45 = 0. Suppose 2*c = 3*c - r. Calculate the remainder when 57 is divided by c.
12
Let f(t) = -t + 3. Let h be f(4). Calculate the remainder when h - -43 - 1/(-1) is divided by 22.
21
Let c = 186 - 109. What is the remainder when 41 is divided by c/5 - 8/20?
11
Let k(o) = -o**3 - 5*o**2 - 4*o - 1. Calculate the remainder when k(-6) is divided by 20.
19
Let o(i) = -5 - 6*i + 1 + 5 + 11. What is the remainder when o(-6) is divided by 13?
9
Let c be (0 - 1) + (10 - -3). Suppose -z = 2 - c. Calculate the remainder when z is divided by 6.
4
Let n = 21 - -9. Let a = 9 + n. Calculate the remainder when a is divided by 10.
9
Let b = -45 - -60. What is the remainder when 43 is divided by b?
13
Suppose 5*r + 18 = -7. Let i = r - -23. Calculate the remainder when i is divided by 4.
2
Let p be -1 + -20 - -2 - 0. Let z = p + 20. What is the remainder when 4 is divided by z?
0
What is the remainder when ((-7)/(-28))/((-2)/(-376)) is divided by 25?
22
Let l(f) be the first derivative of -f**4/4 + 7*f**3/3 - 2*f**2 + f - 2. Calculate the remainder when (-2760)/(-75) - (-4)/(-5) is divided by l(6).
10
Suppose -38 = -4*c + 2*o, 0 = -2*c + 6*c - 3*o - 35. Suppose 0 = 3*r - 17 - 46. What is the remainder when r is divided by c?
10
Let a(f) = 3*f**2 + 2*f - 1. Let m = -10 - -12. What is the remainder when 42 is divided by a(m)?
12
Suppose -387 = -a - 8*a. What is the remainder when 81 is divided by a?
38
Let x(a) = 6*a**2 + 2*a - 1. Let g(q) = -q**3 + 6*q**2 - 4*q + 2. Calculate the remainder when x(2) is divided by g(5).
6
Suppose 7*s - 6*s + 11 = n, -3*n + 4*s = -36. What is the remainder when 39 is divided by n?
7
Let a = -2 + 2. What is the remainder when 1 - (-2 - -1 - 25) is divided by (-1 + a)/(1/(-14))?
13
Let w(t) = -t**2 - 2*t. Let l be w(-4). Let x = l + 18. What is the remainder when 29 is divided by x?
9
Let u = 20 + -5. Let a = 5 - u. What is the remainder when 4/a - (-524)/10 is divided by 18?
16
Suppose -4*i + 0*i = -8, 3*x - 3*i = 135. Suppose 3*p + 4*v = p + 8, 2*p = -3*v + 12. Calculate the remainder when x is divided by p.
11
Let o be (-1)/1 + 0/(-1). Calculate the remainder when 14 is divided by (-15 - o)*(-2)/7.
2
Let w = -59 + 146. Calculate the remainder when w is divided by 22.
21
Suppose 3*v + 54 = 6*v. Let a = 159 - 109. What is the remainder when a is divided by v?
14
Suppose -4 + 6 = -o. Let f = o + 9. Calculate the remainder when 25 is divided by f.
4
Suppose -4*k + 25 = -7. Let t be (-2)/k - (-65)/20. Suppose -3*h = 3*r - 51 - 9, -5*h = t*r - 94. What is the remainder when 32 is divided by h?
15
Let g = 26 + -5. What is the remainder when 40 is divided by g?
19
Let x(s) be the first derivative of s**2/2 + 3*s - 3. Let r be -14*(3/(-2) + 1). What is the remainder when 18 is divided by x(r)?
8
Suppose -2*f = -36 - 2. Let p be 3*(-2)/(-9)*3. Suppose 5*l - 280 = p*u, -l + 6*l - 280 = -u. Calculate the remainder when l is divided by f.
18
Suppose 35 + 31 = 3*q. Calculate the remainder when 41 is divided by q.
19
Let g = -72 - -123. Let h(a) = a**2 - 4*a. Let p be h(4). Let j(u) = -u**2 + u + 26. Calculate the remainder when g is divided by j(p).
25
Suppose 0 = 2*g + 8, -4*u + 2*u = -2*g - 14. Suppose 3*m = -2*t + 4 + 32, -u*t - 2*m = -59. What is the remainder when t is divided by 11?
10
Suppose 8*p - 56 = 4*p. Suppose l = 12 - 4. Calculate the remainder when l*5*(5 - 4) is divided by p.
12
Let g = 26 + -17. Let o = g - -3. Let q = o - 8. Calculate the remainder when 6 is divided by q.
2
Let x = -49 - -21. What is the remainder when (-206)/(-8) - 1/(-4) is divided by (-3)/((-1)/x*-6)?
12
Suppose 0 = -2*q - 2*q + 12. Suppose -5*d = -4*l - 4*d + 39, -l - q*d = -13. What is the remainder when l is divided by ((-8)/(-8))/((-2)/(-8))?
2
Let f = -6 - -11. Suppose 0 = -g - g + 34. What is the remainder when g is divided by f?
2
Suppose -40 = -6*p + p. What is the remainder when 47 is divided by p?
7
Let x(c) = -c**3 - 2*c**2 + c - 3. Let d be x(-3). Suppose -10 = -d*b + b. Calculate the remainder when 14 is divided by b.
4
Let j be 27/6 + (-1)/2. Suppose -177 = f - j*f. Suppose -10*u + 5*u = -100. Calculate the remainder when f is divided by u.
19
Let p(a) = -a**3 + 32*a**2 - 29*a - 34. Calculate the remainder when 138 is divided by p(31).
26
Suppose -h + 168 = h. Suppose -q - h = -o, -2*o + 252 = o + 3*q. Suppose -4*s + s = -o. What is the remainder when s is divided by 10?
8
Let t be -7 + (-1 - 0) + 3. Suppose -18 + 44 = 2*d. Calculate the remainder when (102/t)/(4/(-10)) is divided by d.
12
Calculate the remainder when (-2121)/(-35) - 4/(-10) is divided by 16.
13
What is the remainder when 4 is divided by 5*2/20*8?
0
Let l = -183 - -314. Calculate the remainder when l is divided by 44.
43
Suppose 0 = 10*n - 4*n - 84. What is the remainder when 41 is divided by n?
13
Let y(p) = p**2 - 3*p + 3. Let l be y(4). Suppose -h - 2 = -l. Suppose -h*s = -4*s - 26. What is the remainder when s is divided by 14?
12
Let y = 0 - -5. What is the remainder when y is divided by (9/6)/(3/4)?
1
Suppose 0 = -6*p + 5*p + 7. What is the remainder when (-102)/(-5) - (-2)/(-5) is divided by p?
6
Suppose 221 = -0*q - 4*q - 5*s, 142 = -3*q + s. Let y = 96 + q. What is the remainder when y is divided by 12?
11
Suppose -25 = -2*j - 3*g - 0*g, -3*j - g + 20 = 0. Let l(w) = -2*w. Let p be 16/6*6/(-4). Calculate the remainder when l(p) is divided by j.
3
Suppose 2*m + 14 - 63 = -3*l, -5 = 5*l. Calculate the remainder when 101 is divided by m.
23
Let g(p) = -14*p - 9*p**2 + p**3 + 6*p + 0*p**3 - 5. What is the remainder when 28 is divided by g(10)?
13
Suppose 5*z - 3*v = 4, 2*z + 4 = 3*v + 2. What is the remainder when 3 is divided by z?
1
Suppose -p = 3*p - 184. Let f = p - 31. Calculate the remainder when f is divided by 8.
7
Let n(h) = -h - 6. Calculate the remainder when ((-3)/3)/(-2)*36 is divided by n(-11).
3
Let w(z) = z**3 + 4*z**2 - 9*z + 7. What is the remainder when 80 is divided by w(-5)?
26
Calculate the remainder when (-5 + 7)*183/6 is divided by 32.
29
Suppose 0*l + 2*k = 4*l - 380, -3*l - 2*k = -271. Calculate the remainder when l is divided by 16.
13
Suppose 2*v + 473 = 4*a + 121, 5*a + v = 440. What is the remainder when a is divided by 10?
8
Suppose 3*f + 6*u = 3*u + 51, -f = 2*u - 17. Calculate the remainder when 48 is divided by f.
14
What is the remainder when -1 + 1 + 16 + -3 + 6 is divided by 8?
3
Suppose -2*c + 10 + 12 = 0. What is the remainder when 54 is divided by c?
10
Let r = 6 + 1. Suppose -c = -3*l + c + 38, 0 = l + 3*c - 20. Suppose -5*o - l = -79. Calculate the remainder when o is divided by r.
6
Let l(b) = 137*b**2 + 1. Calculate the remainder when l(1) is divided by 35.
33
Let m = -188 + 261. What is the remainder when m is divided by 40?
33
Let r = 3 - 1. Suppose r*a + 4 = -0. Let n = a - -5. What is the remainder when 5 is divided by n?
2
Suppose 5*s - 75 = 55. Suppose -q = 4*q + 20. Calculate the remainder when s is divided by 84/(-9)*6/q.
12
Let p = 28 + 21. Calculate the remainder when p is divided by 20.
9
Let g = 82 - 74. What is the remainder when 38 is divided by g?
6
Let r be 1232/36 + 2/(-9). Let z = r - 23. Let d = z - 7. What is the remainder when 6 is divided by d?
2
Let f = 4 + 2. What is the remainder when f is divided by -2 - ((-8)/2 - 0)?
0
Suppose -2*m = 2*o - 38, o = 5*o - m - 91. Let w be ((-204)/(-85))/((-2)/(-50)). Suppose -13*s = -18*s + w. Calculate the remainder when o is divided by s.
10
Let z = 0 + 6. What is the remainder when 2 + 14 + 0/2 is divided by z?
4
Suppose 13 = 5*o - 12. Calculate the remainder when 19 is divided by o.
4
Suppose 8*k - 3*k + 5 = 0. Let a be k/(-1 + (-2)/(-4)). Suppose -a*i + 7 = -21. What is the remainder when i is divided by 5?
4
Suppose -3*u = -25 - 56. What is the remainder when 53 is divided by u?
26
Let j(k) = -k**2 + 9*k - 6. Let f be j(7). Let r(a) = a**2 - 6*a + 11. Let o be r(f). Suppose -o = -4*p + 53. Calculate the remainder when p is divided by 7.
6
What is the remainder when 75 is divided by (-39)/4*(-56)/21?
23
Let h = -10 - -8. Let l be h/